{"id":27,"date":"2021-08-21T08:04:45","date_gmt":"2021-08-21T08:04:45","guid":{"rendered":"https:\/\/www.alneta.lt\/index.php\/kontaktai\/"},"modified":"2025-04-11T11:35:46","modified_gmt":"2025-04-11T11:35:46","slug":"kontaktai","status":"publish","type":"page","link":"https:\/\/www.alneta.lt\/index.php\/kontaktai\/","title":{"rendered":"Kontaktai"},"content":{"rendered":"<div class=\"\" style=\"\" >\n    \n    <section class=\"u-clearfix u-grey-light-2 u-typography-custom-page-typography-12--Map u-section-2\" id=\"sec-6b3e\">\n      <div class=\"u-clearfix u-sheet u-sheet-1\">\n        <div class=\"u-grey-light-2 u-map u-map-1\">\n          <div class=\"embed-responsive\">\n            <iframe class=\"embed-responsive-item\" src=\"\/\/maps.google.com\/maps?output=embed&amp;q=Pulko%20g.%2034%20%2C%20Alytus&amp;t=m\" data-map=\"JTdCJTIycG9zaXRpb25UeXBlJTIyJTNBJTIybWFwLXBvaW50JTIyJTJDJTIyYWRkcmVzcyUyMiUzQSUyMlB1bGtvJTIwZy4lMjAzNCUyMCUyQyUyMEFseXR1cyUyMiUyQyUyMnpvb20lMjIlM0FudWxsJTJDJTIydHlwZUlkJTIyJTNBJTIycm9hZCUyMiUyQyUyMmxhbmclMjIlM0FudWxsJTJDJTIyYXBpS2V5JTIyJTNBbnVsbCUyQyUyMm1hcmtlcnMlMjIlM0ElNUIlNUQlN0Q=\"><\/iframe>\n          <\/div>\n        <\/div>\n      <\/div>\n    <\/section>\n    <section class=\"u-clearfix u-grey-5 u-section-3\" id=\"carousel_1ee5\">\n      <div class=\"u-clearfix u-sheet u-sheet-1\">\n        <div class=\"u-clearfix u-layout-wrap u-layout-wrap-1\">\n          <div class=\"u-layout\" style=\"\">\n            <div class=\"u-layout-row\" style=\"\">\n              <div class=\"u-container-style u-layout-cell u-size-30 u-layout-cell-1\">\n                <div class=\"u-container-layout u-valign-top u-container-layout-1\">\n                  <h3 class=\"u-text u-text-default u-text-1\"> Prekyba<\/h3>\n                  <ul class=\"u-custom-list u-indent-20 u-spacing-0 u-text u-text-2\">\n                    <li style=\"\">\n                      <div class=\"u-list-icon\">\n                        <div xmlns=\"http:\/\/www.w3.org\/2000\/svg\" xmlns:xlink=\"http:\/\/www.w3.org\/1999\/xlink\" version=\"1.1\" xml:space=\"preserve\" class=\"u-svg-content\">\u2014<\/div>\n                      <\/div>Kompiuteriai\n                    <\/li>\n                    <li style=\"\">\n                      <div class=\"u-list-icon\">\n                        <div xmlns=\"http:\/\/www.w3.org\/2000\/svg\" xmlns:xlink=\"http:\/\/www.w3.org\/1999\/xlink\" version=\"1.1\" xml:space=\"preserve\" class=\"u-svg-content\">\u2014<\/div>\n                      <\/div>Spausdintuvai\n                    <\/li>\n                    <li style=\"\">\n                      <div class=\"u-list-icon\">\n                        <div xmlns=\"http:\/\/www.w3.org\/2000\/svg\" xmlns:xlink=\"http:\/\/www.w3.org\/1999\/xlink\" version=\"1.1\" xml:space=\"preserve\" class=\"u-svg-content\">\u2014<\/div>\n                      <\/div>Apskaitos programa \"RIVIL\u0116\"\n                    <\/li>\n                  <\/ul>\n                  <a href=\"mailto:asta@alneta.lt?subject=I\u0161 puslapio\" class=\"u-btn u-button-style u-btn-1\">Susisiekti e. pa\u0161tu<\/a>\n                  <a href=\"https:\/\/my-app.com\/ru\/c\/galereya-html-shablony\" class=\"u-active-none u-btn u-button-style u-hover-none u-none u-text-hover-palette-3-base u-btn-2\"><span class=\"u-icon u-text-palette-3-base\"><svg class=\"u-svg-content\" viewBox=\"0 0 405.333 405.333\" x=\"0px\" y=\"0px\" style=\"width: 1em; height: 1em;\"><path d=\"M373.333,266.88c-25.003,0-49.493-3.904-72.704-11.563c-11.328-3.904-24.192-0.896-31.637,6.699l-46.016,34.752    c-52.8-28.181-86.592-61.952-114.389-114.368l33.813-44.928c8.512-8.512,11.563-20.971,7.915-32.64    C142.592,81.472,138.667,56.96,138.667,32c0-17.643-14.357-32-32-32H32C14.357,0,0,14.357,0,32    c0,205.845,167.488,373.333,373.333,373.333c17.643,0,32-14.357,32-32V298.88C405.333,281.237,390.976,266.88,373.333,266.88z\"><\/path><\/svg><img><\/span>&nbsp;+370 689 83230\n                  <\/a>\n                <\/div>\n              <\/div>\n              <div class=\"u-container-style u-layout-cell u-size-30 u-white u-layout-cell-2\">\n                <div class=\"u-container-layout u-valign-top u-container-layout-2\">\n                  <h3 class=\"u-text u-text-3\">Programos \"Rivil\u0117\" konsultacijos&nbsp;<span class=\"u-file-icon u-icon\"><img decoding=\"async\" src=\"https:\/\/www.alneta.lt\/wp-content\/uploads\/2021\/08\/logo_zalias_juodas.png\" alt=\"\"><\/span>\n                  <\/h3>\n                  <ul class=\"u-custom-list u-indent-20 u-text u-text-4\">\n                    <li>\n                      <div class=\"u-list-icon\">\n                        <div xmlns=\"http:\/\/www.w3.org\/2000\/svg\" xmlns:xlink=\"http:\/\/www.w3.org\/1999\/xlink\" version=\"1.1\" xml:space=\"preserve\" class=\"u-svg-content\">\u2014<\/div>\n                      <\/div>\n                    <\/li>\n                    <li>Diegimas<\/li>\n                    <li>\n                      <div class=\"u-list-icon\">\n                        <div xmlns=\"http:\/\/www.w3.org\/2000\/svg\" xmlns:xlink=\"http:\/\/www.w3.org\/1999\/xlink\" version=\"1.1\" xml:space=\"preserve\" class=\"u-svg-content\">\u2014<\/div>\n                      <\/div>Programos perk\u0117limas\n                    <\/li>\n                    <li>\n                      <div class=\"u-list-icon\">\n                        <div xmlns=\"http:\/\/www.w3.org\/2000\/svg\" xmlns:xlink=\"http:\/\/www.w3.org\/1999\/xlink\" version=\"1.1\" xml:space=\"preserve\" class=\"u-svg-content\">\u2014<\/div>\n                      <\/div>Apmokymas<br>\n                    <\/li>\n                  <\/ul>\n                  <a href=\"https:\/\/my-app.com\/ru\/c\/galereya-html-shablony\" class=\"u-active-none u-btn u-button-style u-hover-none u-none u-text-hover-palette-3-base u-btn-3\"><span class=\"u-icon u-text-palette-3-base\"><svg class=\"u-svg-content\" viewBox=\"0 0 405.333 405.333\" x=\"0px\" y=\"0px\" style=\"width: 1em; height: 1em;\"><path d=\"M373.333,266.88c-25.003,0-49.493-3.904-72.704-11.563c-11.328-3.904-24.192-0.896-31.637,6.699l-46.016,34.752    c-52.8-28.181-86.592-61.952-114.389-114.368l33.813-44.928c8.512-8.512,11.563-20.971,7.915-32.64    C142.592,81.472,138.667,56.96,138.667,32c0-17.643-14.357-32-32-32H32C14.357,0,0,14.357,0,32    c0,205.845,167.488,373.333,373.333,373.333c17.643,0,32-14.357,32-32V298.88C405.333,281.237,390.976,266.88,373.333,266.88z\"><\/path><\/svg><img><\/span>&nbsp;370 685 85815\n                  <\/a>\n                  <h4 class=\"u-text u-text-5\"> Vytautas<\/h4>\n                <\/div>\n              <\/div>\n            <\/div>\n          <\/div>\n        <\/div>\n      <\/div>\n    <\/section>\n    \n    \n    \n    \n  \n<\/div>","protected":false},"excerpt":{"rendered":"<p>Prekyba \u2014 Kompiuteriai \u2014 Spausdintuvai \u2014 Apskaitos programa &#8222;RIVIL\u0116&#8221; Susisiekti e. pa\u0161tu &nbsp;+370 689 83230 Programos &#8222;Rivil\u0117&#8221; konsultacijos&nbsp; \u2014 Diegimas \u2014 Programos perk\u0117limas \u2014 Apmokymas &nbsp;370 685 85815 Vytautas<\/p>\n","protected":false},"author":1,"featured_media":0,"parent":0,"menu_order":1,"comment_status":"closed","ping_status":"closed","template":"","meta":{"footnotes":""},"class_list":["post-27","page","type-page","status-publish"],"_links":{"self":[{"href":"https:\/\/www.alneta.lt\/index.php\/wp-json\/wp\/v2\/pages\/27","targetHints":{"allow":["GET"]}}],"collection":[{"href":"https:\/\/www.alneta.lt\/index.php\/wp-json\/wp\/v2\/pages"}],"about":[{"href":"https:\/\/www.alneta.lt\/index.php\/wp-json\/wp\/v2\/types\/page"}],"author":[{"embeddable":true,"href":"https:\/\/www.alneta.lt\/index.php\/wp-json\/wp\/v2\/users\/1"}],"replies":[{"embeddable":true,"href":"https:\/\/www.alneta.lt\/index.php\/wp-json\/wp\/v2\/comments?post=27"}],"version-history":[{"count":4,"href":"https:\/\/www.alneta.lt\/index.php\/wp-json\/wp\/v2\/pages\/27\/revisions"}],"predecessor-version":[{"id":63,"href":"https:\/\/www.alneta.lt\/index.php\/wp-json\/wp\/v2\/pages\/27\/revisions\/63"}],"wp:attachment":[{"href":"https:\/\/www.alneta.lt\/index.php\/wp-json\/wp\/v2\/media?parent=27"}],"curies":[{"name":"wp","href":"https:\/\/api.w.org\/{rel}","templated":true}]}}